{"id":1613,"date":"2021-01-12T14:22:12","date_gmt":"2021-01-12T11:22:12","guid":{"rendered":"https:\/\/www.kemerburgazkentormani.ist\/e-magaza\/?page_id=1613"},"modified":"2021-01-12T14:22:15","modified_gmt":"2021-01-12T11:22:15","slug":"uyelik-sozlesmesi","status":"publish","type":"page","link":"https:\/\/www.kemerburgazkentormani.ist\/e-magaza\/uyelik-sozlesmesi\/","title":{"rendered":"\u00dcYEL\u0130K S\u00d6ZLE\u015eMES\u0130"},"content":{"rendered":"\n<p><strong>TARAFLAR<\/strong><\/p>\n\n\n\n<p>A\u015fa\u011f\u0131da bilgileri yer alan Bo\u011fazi\u00e7i Konut Hizmet Y\u00f6netim \u0130\u015fletmecili\u011fi ve Tic. A.\u015e. (\u201cBo\u011fazi\u00e7i\u201d) ile Bo\u011fazi\u00e7i\u2019ye ait olan <a href=\"https:\/\/www.kemerburgazkentormani.ist\/e-magaza\/\">https:\/\/www.kemerburgazkentormani.ist\/e-magaza\/<\/a> alan adl\u0131 internet sitesinde sunulan hizmetlerden yararlanmak isteyen kullan\u0131c\u0131 (\u201c\u00dcye\u201d) aras\u0131nda a\u015fa\u011f\u0131da belirtilen h\u00fck\u00fcm ve \u015fartlarda \u00dcyelik S\u00f6zle\u015fmesi akdedilmi\u015ftir.<\/p>\n\n\n\n<p><strong>Unvan&nbsp;&nbsp;&nbsp;&nbsp;&nbsp;&nbsp;&nbsp;&nbsp;&nbsp;&nbsp;&nbsp;&nbsp;&nbsp;&nbsp;&nbsp;&nbsp;&nbsp; &nbsp;&nbsp;&nbsp;&nbsp;&nbsp;&nbsp;&nbsp;&nbsp;&nbsp;&nbsp;&nbsp;&nbsp;&nbsp;&nbsp;&nbsp;&nbsp;&nbsp;&nbsp;&nbsp;&nbsp;&nbsp;&nbsp;&nbsp; :<\/strong> Bo\u011fazi\u00e7i Konut Hizmet Y\u00f6netim \u0130\u015fletmecili\u011fi ve Tic. A.\u015e.<\/p>\n\n\n\n<p><strong>Adres &nbsp;&nbsp;&nbsp;&nbsp;&nbsp;&nbsp;&nbsp;&nbsp;&nbsp;&nbsp;&nbsp;&nbsp;&nbsp;&nbsp;&nbsp;&nbsp;&nbsp;&nbsp;&nbsp;&nbsp;&nbsp;&nbsp;&nbsp;&nbsp;&nbsp;&nbsp;&nbsp;&nbsp;&nbsp; &nbsp;&nbsp;&nbsp;&nbsp;&nbsp;&nbsp;&nbsp;&nbsp;&nbsp;&nbsp;&nbsp; &nbsp;:<\/strong>&nbsp;Ye\u015filk\u00f6y Mah. \u0130stasyon Cad. No:81 Bak\u0131rk\u00f6y, \u0130stanbul<\/p>\n\n\n\n<p><strong>Telefon&nbsp;&nbsp;&nbsp;&nbsp;&nbsp;&nbsp;&nbsp;&nbsp;&nbsp;&nbsp;&nbsp;&nbsp;&nbsp;&nbsp;&nbsp;&nbsp;&nbsp;&nbsp;&nbsp;&nbsp;&nbsp;&nbsp;&nbsp;&nbsp;&nbsp;&nbsp;&nbsp; &nbsp;&nbsp;&nbsp;&nbsp;&nbsp;&nbsp;&nbsp;&nbsp;&nbsp;&nbsp; :<\/strong> 02126630303<\/p>\n\n\n\n<p><strong>E-posta&nbsp;&nbsp;&nbsp;&nbsp;&nbsp;&nbsp;&nbsp;&nbsp;&nbsp;&nbsp;&nbsp;&nbsp;&nbsp;&nbsp;&nbsp;&nbsp;&nbsp;&nbsp;&nbsp;&nbsp;&nbsp;&nbsp;&nbsp;&nbsp;&nbsp;&nbsp;&nbsp; &nbsp;&nbsp;&nbsp;&nbsp;&nbsp;&nbsp;&nbsp;&nbsp;&nbsp;&nbsp;&nbsp; :<\/strong> info@bogaziciyonetim.com.tr<\/p>\n\n\n\n<p><strong>KONU<\/strong><\/p>\n\n\n\n<p>\u0130\u015fbu S\u00f6zle\u015fmenin amac\u0131, \u0130nternet Sitesi \u00fczerinde Bo\u011fazi\u00e7i taraf\u0131ndan sunulan hizmetlerden \u00dcyenin yararlanmas\u0131na ili\u015fkin ko\u015fullar\u0131n belirlenmesidir.<\/p>\n\n\n\n<p>Bo\u011fazi\u00e7i, <a href=\"https:\/\/www.kemerburgazkentormani.ist\/e-magaza\/\">https:\/\/www.kemerburgazkentormani.ist\/e-magaza\/<\/a> alan adl\u0131 elektronik ticaret platformunu i\u015fletmekte ve bu \u0130nternet Sitesi \u00fczerinden \u00fcr\u00fcn tedarik etmekte ve kullan\u0131c\u0131lara \u00fcr\u00fcn satmaktad\u0131r. \u0130\u015fbu S\u00f6zle\u015fme uyar\u0131nca \u00dcye, Bo\u011fazi\u00e7i taraf\u0131ndan y\u00f6netilmekte olan <a href=\"https:\/\/www.kemerburgazkentormani.ist\/e-magaza\/\">https:\/\/www.kemerburgazkentormani.ist\/e-magaza\/<\/a> alan adl\u0131 \u0130nternet Sitesine \u00fcye olmak ve \u0130nternet Sitesinde sat\u0131lan \u00fcr\u00fcn veya hizmetleri sat\u0131n almak veya \u0130nternet Sitesi \u00fczerinden kendisine ait \u00fcr\u00fcn\u00fcn\u00fc satmak istemektedir. Bu s\u00f6zle\u015fmenin \u00dcye taraf\u0131ndan kabul edilmesi halinde \u00dcye, \u0130nternet Sitesinde yer alan veya daha sonra yer alacak olan, Bo\u011fazi\u00e7i taraf\u0131ndan sunulan hizmetlere, kullan\u0131ma, i\u00e7eriklere, uygulamalara, \u00dcyelere veya \u00fcye olmayan kullan\u0131c\u0131lara ili\u015fkin her t\u00fcrl\u00fc ko\u015ful ve beyan\u0131n kendisi i\u00e7in ge\u00e7erli oldu\u011funu kabul etmekte ve bunlara uyaca\u011f\u0131n\u0131 taahh\u00fct etmektedir.<\/p>\n\n\n\n<p><strong>HAK VE Y\u00dcK\u00dcML\u00dcL\u00dcKLER<\/strong><\/p>\n\n\n\n<ol type=\"1\"><li>\u00dcye olmak isteyen kullan\u0131c\u0131n\u0131n, \u0130nternet Sitesinde bulunan i\u015fbu S\u00f6zle\u015fmeyi onaylamas\u0131, burada talep edilen bilgileri do\u011fru ve g\u00fcncel bir \u015fekilde doldurmas\u0131 ve bu \u00dcyelik kay\u0131t i\u015fleminin Bo\u011fazi\u00e7i taraf\u0131ndan kabul edilmesi gerekmektedir.<\/li><li>\u00dcyenin \u00fcye olurken verdi\u011fi ki\u015fisel ve di\u011fer sair bilgilerin kanunlar \u00f6n\u00fcnde do\u011fru ve g\u00fcncel oldu\u011funu, Bo\u011fazi\u00e7i\u2019nin bu bilgilerin ger\u00e7e\u011fe ayk\u0131r\u0131l\u0131\u011f\u0131 nedeniyle u\u011frayaca\u011f\u0131 t\u00fcm zararlar\u0131 aynen ve derhal tazmin edece\u011fini beyan ve taahh\u00fct eder.<\/li><li>\u00dcye, e-posta adresini ve telefon numaras\u0131n\u0131 do\u011fru ve g\u00fcncel tutmakla y\u00fck\u00fcml\u00fcd\u00fcr. Bo\u011fazi\u00e7i, i\u015f bu \u00fcyelik s\u00f6zle\u015fmesi uyar\u0131nca, \u00fcyelerinin kendisinde kay\u0131tl\u0131 elektronik posta adreslerine bilgilendirme mailleri ve cep telefonlar\u0131na bilgilendirme SMS\u2019leri g\u00f6nderme yetkisine sahip olmakla beraber, \u00fcye i\u015fbu \u00fcyelik s\u00f6zle\u015fmesini onaylamas\u0131yla beraber bilgilendirme maillerinin elektronik posta adresine ve bilgilendirme SMS\u2019lerinin cep telefonuna g\u00f6nderilmesini kabul etmi\u015f say\u0131lacakt\u0131r.<\/li><li>Bo\u011fazi\u00e7i, sitenin i\u00e7eri\u011fini diledi\u011fi zaman de\u011fi\u015ftirme, kullan\u0131c\u0131lara sa\u011flanan herhangi bir hizmeti de\u011fi\u015ftirme ya da sona erdirme veya Bo\u011fazi\u00e7i internet sitesinde kay\u0131tl\u0131 kullan\u0131c\u0131 bilgi ve verilerini silme hakk\u0131n\u0131 sakl\u0131 tutar.<\/li><li>Bo\u011fazi\u00e7i, \u00fcyelik s\u00f6zle\u015fmesinin ko\u015fullar\u0131n\u0131 hi\u00e7bir \u015fekil ve surette \u00f6n ihbara ve\/veya ihtara gerek kalmaks\u0131z\u0131n her zaman de\u011fi\u015ftirebilir, g\u00fcncelleyebilir veya iptal edebilir. De\u011fi\u015ftirilen, g\u00fcncellenen ya da y\u00fcr\u00fcrl\u00fckten kald\u0131r\u0131lan her h\u00fck\u00fcm, yay\u0131n tarihinde t\u00fcm \u00fcyeler bak\u0131m\u0131ndan h\u00fck\u00fcm ifade edecektir.<\/li><li>\u00dcyelik hak ve y\u00fck\u00fcml\u00fcl\u00fcklerinin hangi ki\u015fiye ait oldu\u011fu konusunda ihtilafa d\u00fc\u015f\u00fclmesi ve bu hususta s\u00f6z konusu ki\u015filerin Bo\u011fazi\u00e7i\u2019nden talepte bulunmas\u0131 halinde Bo\u011fazi\u00e7i, ilgili \u00dcyelik hesab\u0131 kullan\u0131larak herhangi bir \u00fcr\u00fcn veya hizmet i\u00e7in Bo\u011fazi\u00e7i\u2019ne \u00f6deme yapan son ki\u015finin \u00dcyelik hesab\u0131n\u0131n sahibi oldu\u011funu kabul edecektir.&nbsp;<\/li><li>\u00dcye olmak isteyen kullan\u0131c\u0131n\u0131n 18 (on sekiz) ya\u015f\u0131n\u0131 doldurmu\u015f olmas\u0131 gerekmektedir.&nbsp;<\/li><li>\u00dcye, \u0130nternet Sitesi \u00fczerinde ger\u00e7ekle\u015ftirdi\u011fi t\u00fcm i\u015flemlerde, i\u015fbu S\u00f6zle\u015fmesinin h\u00fck\u00fcmlerine, \u0130nternet Sitesinde belirtilen t\u00fcm ko\u015fullara, y\u00fcr\u00fcrl\u00fckteki mevzuata ve ahlak kurallar\u0131na uygun olarak hareket edece\u011fini kabul ve beyan eder. \u00dcyenin \u0130nternet Sitesi d\u00e2hilinde yapt\u0131\u011f\u0131 i\u015flem ve eylemlere ili\u015fkin olarak hukuki ve cezai sorumlulu\u011fu kendisine aittir. Bo\u011fazi\u00e7i\u2019nin bu ve sair konularda talep ve dava haklar\u0131 sakl\u0131d\u0131r.<\/li><li>\u00dcye, \u0130nternet Sitesi \u00fczerinden herhangi bir hukuki i\u015flem veya satma ya da sat\u0131n alma s\u00fcreci ba\u015flatmak istemesi halinde, \u0130nternet Sitesinde yer alanlar da d\u00e2hil olmak \u00fczere t\u00fcm gerekli yasal y\u00fck\u00fcml\u00fcl\u00fckleri ve yasal prosed\u00fcrleri yerine getirmek zorunda oldu\u011funu kabul ve beyan etmektedir.&nbsp;<\/li><li>Bo\u011fazi\u00e7i, y\u00fcr\u00fcrl\u00fckte bulunan mevzuat uyar\u0131nca yetkili makamlar\u0131n talebi halinde, \u00dcyenin kendisine sa\u011flad\u0131\u011f\u0131 bilgilerini s\u00f6z konusu makamlarla payla\u015fabilecektir.<\/li><li>\u00dcyenin \u0130nternet Sitesinde ihtiya\u00e7 duydu\u011fu kullan\u0131c\u0131 ad\u0131 ve \u015fifre bilgisi, \u00dcye taraf\u0131ndan olu\u015fturulmakta olup, s\u00f6z konusu bilgilerin g\u00fcvenli\u011fi ve gizlili\u011fi tamamen \u00dcyenin sorumlulu\u011fundad\u0131r. \u00dcye, kendisine ait kullan\u0131c\u0131 ad\u0131 ve \u015fifre ile ger\u00e7ekle\u015ftirilen i\u015flemlerin kendisi taraf\u0131ndan ger\u00e7ekle\u015ftirilmi\u015f oldu\u011funu, bu i\u015flemlerden kaynaklanan sorumlulu\u011funun kendisine ait oldu\u011funu, bu \u015fekilde ger\u00e7ekle\u015ftirilen i\u015f ve i\u015flemleri kendisinin ger\u00e7ekle\u015ftirmedi\u011fi yolunda herhangi bir itiraz ileri s\u00fcrmeyece\u011fini ve buna dayanarak y\u00fck\u00fcml\u00fcl\u00fcklerini yerine getirmekten ka\u00e7\u0131nmayaca\u011f\u0131n\u0131 kabul, beyan ve taahh\u00fct eder.<\/li><li>\u00dcye, \u0130nternet Sitesini a\u015fa\u011f\u0131da say\u0131lan haller ba\u015fta olmak \u00fczere, hukuka ve ahlaka ayk\u0131r\u0131 hi\u00e7 bir \u015fekilde kullanmayaca\u011f\u0131n\u0131 kabul, beyan ve taahh\u00fct etmektedir:<\/li><li>\u0130nternet Sitesinin herhangi bir ki\u015fi ad\u0131na veri taban\u0131, kay\u0131t veya rehber yaratmak, kontrol etmek, g\u00fcncellemek veya de\u011fi\u015ftirmek amac\u0131yla kullan\u0131lmas\u0131. \u0130nternet Sitesinin b\u00fct\u00fcn\u00fcn\u00fcn veya bir b\u00f6l\u00fcm\u00fcn\u00fcn bozma, de\u011fi\u015ftirme veya ters m\u00fchendislik yapma amac\u0131yla kullan\u0131lmas\u0131. Yanl\u0131\u015f bilgiler veya ba\u015fka bir ki\u015finin bilgileri kullan\u0131larak i\u015flem yap\u0131lmas\u0131, yanl\u0131\u015f veya yan\u0131lt\u0131c\u0131 adres, elektronik posta adresi, ileti\u015fim, \u00f6deme veya hesap bilgileri de d\u00e2hil yanl\u0131\u015f veya yan\u0131lt\u0131c\u0131 ki\u015fisel veriler kullanmak suretiyle ger\u00e7ek olmayan \u00dcyelik hesaplar\u0131 olu\u015fturulmas\u0131 ve bu hesaplar\u0131n i\u015fbu S\u00f6zle\u015fmeye veya y\u00fcr\u00fcrl\u00fckte mevzuata ayk\u0131r\u0131 \u015fekilde kullan\u0131lmas\u0131. Ba\u015fka bir \u00dcyenin hesab\u0131n\u0131n izinsiz kullan\u0131lmas\u0131. Yorum ve puanlama sistemlerinin, \u0130nternet Sitesindeki yorumlar\u0131 \u0130nternet Sitesi d\u0131\u015f\u0131nda yay\u0131nlamak gibi \u0130nternet Sitesi d\u0131\u015f\u0131 ama\u00e7lar i\u00e7in kullan\u0131lmas\u0131 veya sistemleri manip\u00fcle edecek \u015fekilde kullan\u0131lma ama\u00e7lar\u0131 d\u0131\u015f\u0131nda kullan\u0131lmas\u0131. Vir\u00fcs veya \u0130nternet Sitesine, \u0130nternet Sitesinin veri taban\u0131na, \u0130nternet Sitesi \u00fczerinde yer alan herhangi bir i\u00e7eri\u011fe zarar verici herhangi ba\u015fka bir teknoloji yay\u0131lmas\u0131. \u0130nternet Sitesi taraf\u0131ndan belirlenmi\u015f olan ileti\u015fimler ve teknik sistemler \u00fczerinde makul olmayan veya orant\u0131s\u0131z derecede b\u00fcy\u00fck y\u00fcklemeler yaratacak ya da teknik i\u015fleyi\u015fe zarar verecek faaliyetlerde bulunulmas\u0131. Bo\u011fazi\u00e7i\u2019nin \u00f6n yaz\u0131l\u0131 iznini al\u0131nmaks\u0131z\u0131n, \u0130nternet Sitesi \u00fczerinde otomatik program, robot, \u00f6r\u00fcmcek, veri madencili\u011fi ve veri taramas\u0131 gibi yaz\u0131l\u0131mlar\u0131 veya sistemleri kullan\u0131lmas\u0131 ve bu \u015fekilde \u0130nternet Sitesinde yer alan herhangi bir i\u00e7eri\u011fin tamam\u0131n\u0131n veya bir k\u0131sm\u0131n\u0131n izinsiz kopyalanarak, yay\u0131nlanmas\u0131 veya kullan\u0131lmas\u0131.<\/li><li>\u00dcye, \u0130nternet Sitesinde yapt\u0131\u011f\u0131 i\u015flemleri \u0130nternet Sitesine teknik olarak hi\u00e7bir surette zarar vermeyecek \u015fekilde yapmakla y\u00fck\u00fcml\u00fcd\u00fcr. \u00dcye, \u0130nternet Sitesine sa\u011flayaca\u011f\u0131 t\u00fcm bilgi, i\u00e7erik, materyal ve sair i\u00e7eri\u011fin sisteme zarar verecek her t\u00fcrl\u00fc program, vir\u00fcs, yaz\u0131l\u0131m, lisans\u0131z \u00fcr\u00fcn (truva at\u0131 ve benzeri) i\u00e7ermemesi i\u00e7in gerekli koruyucu yaz\u0131l\u0131mlar\u0131 ve lisansl\u0131 \u00fcr\u00fcnleri kullanmak da d\u00e2hil olmak \u00fczere gerekli her t\u00fcrl\u00fc tedbiri ald\u0131\u011f\u0131n\u0131 kabul ve taahh\u00fct eder.&nbsp;<\/li><li>Bo\u011fazi\u00e7i taraf\u0131ndan <a href=\"https:\/\/www.kemerburgazkentormani.ist\/e-magaza\/\">https:\/\/www.kemerburgazkentormani.ist\/e-magaza\/<\/a> internet sitesinin iyile\u015ftirilmesi, geli\u015ftirilmesine y\u00f6nelik olarak ve\/veya yasal mevzuat \u00e7er\u00e7evesinde siteye eri\u015fmek i\u00e7in kullan\u0131lan \u0130nternet servis sa\u011flay\u0131c\u0131s\u0131n\u0131n ad\u0131 ve Internet Protokol (IP) adresi, Siteye eri\u015filen tarih ve saat, sitede bulunulan s\u0131rada eri\u015filen sayfalar ve siteye do\u011frudan ba\u011flan\u0131lmas\u0131n\u0131 sa\u011flayan Web sitesinin Internet adresi gibi birtak\u0131m bilgiler toplanabilir.<\/li><li>Bo\u011fazi\u00e7i, kullan\u0131c\u0131lar\u0131na daha iyi hizmet sunmak, \u00fcr\u00fcnlerini ve hizmetlerini iyile\u015ftirmek, sitenin kullan\u0131m\u0131n\u0131 kolayla\u015ft\u0131rmak i\u00e7in kullan\u0131m\u0131n\u0131 kullan\u0131c\u0131lar\u0131n\u0131n \u00f6zel tercihlerine ve ilgi alanlar\u0131na y\u00f6nelik \u00e7al\u0131\u015fmalarda \u00fcyelerin ki\u015fisel bilgilerini kullanabilir. Bo\u011fazi\u00e7i, \u00fcyenin&nbsp; <a href=\"https:\/\/www.kemerburgazkentormani.ist\/e-magaza\/\">https:\/\/www.kemerburgazkentormani.ist\/e-magaza\/<\/a> internet sitesi \u00fczerinde yapt\u0131\u011f\u0131 hareketlerin kayd\u0131n\u0131 bulundurma hakk\u0131n\u0131 sakl\u0131 tutar.<\/li><li>Bo\u011fazi\u00e7i ve <a href=\"https:\/\/www.kemerburgazkentormani.ist\/e-magaza\/\">https:\/\/www.kemerburgazkentormani.ist\/e-magaza\/<\/a> markas\u0131 ve logosu, Bo\u011fazi\u00e7i ve <a href=\"https:\/\/www.kemerburgazkentormani.ist\/e-magaza\/\">https:\/\/www.kemerburgazkentormani.ist\/e-magaza\/<\/a> mobil uygulamalar\u0131 ve web siteleri tasar\u0131m\u0131, yaz\u0131l\u0131m\u0131, alan ad\u0131 ve bunlara ili\u015fkin olarak Bo\u011fazi\u00e7i taraf\u0131ndan olu\u015fturulan her t\u00fcrl\u00fc marka, tasar\u0131m, logo, ticari takdim \u015fekli, slogan ve di\u011fer t\u00fcm i\u00e7eri\u011fin her t\u00fcrl\u00fc fikri ve s\u0131nai m\u00fclkiyet hakk\u0131 Bo\u011fazi\u00e7i\u2019ne aittir.<\/li><li>\u00dcye, Bo\u011fazi\u00e7i\u2019ne veya ba\u011fl\u0131 \u015firketlerinin m\u00fclkiyetine tabi fikri ve s\u0131nai m\u00fclkiyet haklar\u0131n\u0131 Bo\u011fazi\u00e7i\u2019nin izni olmaks\u0131z\u0131n kullanamaz, payla\u015famaz, da\u011f\u0131tamaz, sergileyemez, \u00e7o\u011faltamaz ve bunlardan t\u00fcremi\u015f \u00e7al\u0131\u015fmalar yapamaz.&nbsp;<\/li><li>\u00dcye, Bo\u011fazi\u00e7i ve <a href=\"https:\/\/www.kemerburgazkentormani.ist\/e-magaza\/\">https:\/\/www.kemerburgazkentormani.ist\/e-magaza\/<\/a> mobil uygulamalar\u0131 ve web sitelerinin b\u00fct\u00fcn\u00fc ya da bir k\u0131sm\u0131n\u0131 ba\u015fka bir ortamda Bo\u011fazi\u00e7i\u2019nin izni olmaks\u0131z\u0131n kullanamaz. \u00dcyenin,&nbsp;&nbsp;Bo\u011fazi\u00e7i\u2019nin fikri ve s\u0131nai m\u00fclkiyet haklar\u0131n\u0131 ihlal edecek \u015fekilde davranmas\u0131 halinde, \u00dcye, Bo\u011fazi\u00e7i\u2019nin t\u00fcm do\u011frudan ve dolayl\u0131 her t\u00fcr zararlar\u0131n\u0131 ve masraflar\u0131n\u0131 tazmin etmekle y\u00fck\u00fcml\u00fc olacakt\u0131r<strong>.<\/strong><\/li><li>\u00dcye, Bo\u011fazi\u00e7i\u2019nin \u00f6n yaz\u0131l\u0131 onay\u0131n\u0131 almaks\u0131z\u0131n i\u015fbu S\u00f6zle\u015fmede kendisine verilen haklar\u0131n\u0131 veya i\u015fbu S\u00f6zle\u015fmeden do\u011fan y\u00fck\u00fcml\u00fcl\u00fcklerini t\u00fcm\u00fcyle veya k\u0131smen, \u00fc\u00e7\u00fcnc\u00fc bir ki\u015fiye devredemeyecektir.<\/li><li>\u0130\u015fbu S\u00f6zle\u015fmeden veya uygulanmas\u0131ndan do\u011fabilecek her t\u00fcrl\u00fc uyu\u015fmazl\u0131\u011f\u0131n \u00e7\u00f6z\u00fcm\u00fcnde Bo\u011fazi\u00e7i\u2019nin (bilgisayar kay\u0131tlar\u0131, ses kay\u0131tlar\u0131 ve benzeri dijital ortamdaki kay\u0131tlar\u0131 d\u00e2hil) her t\u00fcrl\u00fc kay\u0131tlar\u0131 kesin delil olu\u015fturur.<\/li><\/ol>\n\n\n\n<p><strong>G\u0130ZL\u0130L\u0130K<\/strong><\/p>\n\n\n\n<ol type=\"1\"><li>\u00dcyenin sa\u011flad\u0131\u011f\u0131 ki\u015fisel veriler, \u0130nternet Sitesinde yer alan Ki\u015fisel Verilerin Korunmas\u0131 ve Gizlilik Politikas\u0131na uygun olarak toplanmakta, kullan\u0131lmakta, aktar\u0131lmakta ve di\u011fer \u015fekillerde i\u015flenebilmektedir.&nbsp;\u00dcye, hizmetlerden faydalanarak veya bir \u00dcyelik kayd\u0131 olu\u015fturarak bahse konu politikada belirtilen \u015fekilde ki\u015fisel verilerinin toplanmas\u0131na, kullan\u0131lmas\u0131na, aktar\u0131lmas\u0131na ve di\u011fer \u015fekillerde i\u015flenmesine a\u00e7\u0131k bir \u015fekilde r\u0131za g\u00f6stermektedir.&nbsp;<\/li><li>\u00dcye taraf\u0131ndan \u0130nternet Sitesinde sunulan ve payla\u015f\u0131lmas\u0131na r\u0131za g\u00f6sterilen ki\u015fisel veriler; i\u015fbu S\u00f6zle\u015fme ile belirlenen y\u00fck\u00fcml\u00fcl\u00fcklerin ifas\u0131, \u0130nternet Sitesinin i\u015fletilmesi i\u00e7in gereken uygulamalar\u0131n y\u00fcr\u00fct\u00fclmesi, \u00dcye i\u00e7in \u00e7e\u015fitli avantajlar\u0131n sa\u011flan\u0131p sunulmas\u0131 ve \u00dcyeye \u00f6zel reklam, sat\u0131\u015f, pazarlama, anket, benzer ama\u00e7l\u0131 her t\u00fcrl\u00fc elektronik ileti\u015fim, profilleme, istatistiksel \u00e7al\u0131\u015fmalar yap\u0131lmas\u0131 amac\u0131yla Ki\u015fisel Verilerin Korunmas\u0131 ve Gizlilik Politikas\u0131na uygun olarak toplan\u0131r, saklan\u0131r, i\u015flenir, kullan\u0131l\u0131r ve s\u00f6zle\u015fmesel ili\u015fkilere istinaden \u00fc\u00e7\u00fcnc\u00fc ki\u015filer ile payla\u015f\u0131labilir.&nbsp;<\/li><li>\u0130nternet Sitesine \u00fcye olan ki\u015fi, y\u00fcr\u00fcrl\u00fckte bulunan ve\/veya y\u00fcr\u00fcrl\u00fc\u011fe al\u0131nacak uygulamalar kapsam\u0131nda Bo\u011fazi\u00e7i, \u0130stanbul B\u00fcy\u00fck\u015fehir Belediyesi (\u0130BB) ve \u0130BB i\u015ftiraki olan t\u00fcm \u015firketler taraf\u0131ndan kendisine \u00fcr\u00fcn ve hizmet tan\u0131t\u0131mlar\u0131, reklamlar, kampanyalar, avantajlar, anketler ve di\u011fer m\u00fc\u015fteri memnuniyeti uygulamalar\u0131 sunulmas\u0131na izin verdi\u011fini beyan ve kabul eder.<\/li><li>\u00dcye, \u0130nternet Sitesine \u00fcye olurken ve\/veya ba\u015fka yollarla ge\u00e7mi\u015fte vermi\u015f oldu\u011fu ve\/veya gelecekte verece\u011fi ki\u015fisel ve al\u0131\u015fveri\u015f bilgilerinin ve al\u0131\u015fveri\u015f ve\/veya t\u00fcketici davran\u0131\u015f bilgilerinin yukar\u0131daki ama\u00e7larla toplanmas\u0131na, \u0130BB ve \u0130BB i\u015ftiraki olan t\u00fcm \u015firketler ile payla\u015f\u0131lmas\u0131na, \u0130BB ve \u0130BB i\u015ftiraki olan t\u00fcm \u015firketler taraf\u0131ndan kullan\u0131lmas\u0131na ve ar\u015fivlenmesine izin verdi\u011fini beyan ve kabul eder. \u00dcye aksini bildirmedi\u011fi s\u00fcrece \u00fcyeli\u011fi sona erdi\u011finde de verilerin toplanmas\u0131na, \u0130BB ve \u0130BB i\u015ftiraki olan t\u00fcm \u015firketler ile payla\u015f\u0131lmas\u0131na, Bo\u011fazi\u00e7i, \u0130BB ve \u0130BB i\u015ftiraki olan t\u00fcm \u015firketler taraf\u0131ndan kullan\u0131lmas\u0131na ve ar\u015fivlenmesine izin verdi\u011fini beyan ve kabul eder.<\/li><li>\u00dcye aksini bildirmedi\u011fi s\u00fcrece Bo\u011fazi\u00e7i, \u0130BB ve \u0130BB i\u015ftiraki olan t\u00fcm \u015firketlerin kendisiyle internet, telefon, SMS,&nbsp; vb ileti\u015fim kanallar\u0131 kullanarak irtibata ge\u00e7mesine izin verdi\u011fini beyan ve kabul eder. \u00dcye yukar\u0131da bahsi ge\u00e7en bilgilerin toplanmas\u0131,&nbsp; payla\u015f\u0131lmas\u0131, kullan\u0131lmas\u0131, ar\u015fivlenmesi ve kendisine eri\u015filmesi nedeniyle do\u011frudan ve\/veya dolayl\u0131 maddi ve\/veya manevi menfi ve\/veya m\u00fcsbet, velhas\u0131l herhangi bir zarara u\u011frad\u0131\u011f\u0131 konusunda talepte bulunmayaca\u011f\u0131n\u0131, Bo\u011fazi\u00e7i, \u0130BB ve \u0130BB i\u015ftiraki olan \u015firketleri sorumlu tutmayaca\u011f\u0131n\u0131 beyan ve kabul eder.<\/li><\/ol>\n\n\n\n<p><strong>M\u00dcCB\u0130R SEBEPLER<\/strong><\/p>\n\n\n\n<p>Bo\u011fazi\u00e7i, i\u015fbu S\u00f6zle\u015fmede yer alan y\u00fck\u00fcml\u00fcl\u00fcklerini, kendi kontrol\u00fc d\u0131\u015f\u0131nda ger\u00e7ekle\u015fen, kusurundan kaynaklanmayan ve makul olarak \u00f6ng\u00f6remeyece\u011fi olaylar (sava\u015f, ayaklanma seferberlik, grev, lokavt, i\u015f eylemleri veya boykotlar, i\u015f\u00e7i-i\u015fveren anla\u015fmazl\u0131klar\u0131, siber sald\u0131r\u0131, ileti\u015fim sorunlar\u0131, altyap\u0131 ve internet ar\u0131zalar\u0131, sisteme ili\u015fkin iyile\u015ftirme veya yenile\u015ftirme \u00e7al\u0131\u015fmalar\u0131 ve bu sebeple meydana gelebilecek ar\u0131zalar, elektrik kesintisi, yang\u0131n, patlama, f\u0131rt\u0131na, sel, deprem, g\u00f6\u00e7, salg\u0131n veya di\u011fer bir do\u011fal felaket d\u00e2hil ancak bunlarla s\u0131n\u0131rl\u0131 olmaks\u0131z\u0131n t\u00fcm m\u00fccbir sebepler) nedeniyle ifa edememesinden veya y\u00fck\u00fcml\u00fcl\u00fcklerinin ifas\u0131n\u0131 geciktirmesinden sorumlu tutulmayacak ve i\u015fbu S\u00f6zle\u015fmeyi ihlal etti\u011fi ileri s\u00fcr\u00fclmeyecektir.<\/p>\n\n\n\n<p><strong>FES\u0130H<\/strong><\/p>\n\n\n\n<p>\u00dcye, \u00dcyelik stat\u00fcs\u00fcn\u00fc \u0130nternet Sitesinde yer alan ilgili sayfa (\u00dcyelik \u0130ptali) arac\u0131l\u0131\u011f\u0131 ile her zaman sonland\u0131rabilme hakk\u0131na sahiptir. Bo\u011fazi\u00e7i\u2019nin her zaman tek tarafl\u0131 olarak gerekti\u011finde \u00fcyenin \u00fcyeli\u011fini silme, m\u00fc\u015fteriye ait dosya, belge ve bilgileri silme hakk\u0131 vard\u0131r. \u00dcye i\u015fbu tasarrufu \u00f6nceden kabul eder. Bu durumda, Bo\u011fazi\u00e7i\u2019nin hi\u00e7bir sorumlulu\u011fu yoktur. \u0130\u015fbu s\u00f6zle\u015fme \u00fcyenin \u00fcyeli\u011fini iptal etmesi veya Bo\u011fazi\u00e7i taraf\u0131ndan \u00fcyeli\u011finin iptal edilmesine kadar y\u00fcr\u00fcrl\u00fckte kalacakt\u0131r. Bo\u011fazi\u00e7i, \u00fcyenin \u00fcyelik s\u00f6zle\u015fmesinin herhangi bir h\u00fckm\u00fcn\u00fc ihlal etmesi durumunda \u00fcyenin \u00fcyeli\u011fini iptal ederek s\u00f6zle\u015fmeyi tek tarafl\u0131 olarak feshedebilecektir.<\/p>\n\n\n\n<p><strong>\u0130HT\u0130LAFLARIN \u00c7\u00d6Z\u00dcM\u00dc<\/strong><\/p>\n\n\n\n<p>\u0130\u015fbu S\u00f6zle\u015fme T\u00fcrk Hukukuna tabidir. \u0130\u015fbu S\u00f6zle\u015fmenin uygulanmas\u0131ndan ve yorumlanmas\u0131ndan do\u011facak uyu\u015fmazl\u0131klar\u0131n \u00e7\u00f6z\u00fcm\u00fcnde \u0130stanbul Mahkemeleri ve \u0130cra Daireleri yetkilidir.<\/p>\n\n\n\n<p><strong>Y\u00dcR\u00dcRL\u00dcK<\/strong><\/p>\n\n\n\n<p>\u00dcyenin, \u00fcyelik kayd\u0131 yapmas\u0131 \u00fcyenin \u00fcyelik s\u00f6zle\u015fmesinde yer alan t\u00fcm maddeleri okudu\u011fu ve \u00fcyelik s\u00f6zle\u015fmesinde yer alan maddeleri kabul etti\u011fi anlam\u0131na gelir. \u0130\u015fbu S\u00f6zle\u015fme \u00fcyenin \u00fcye olmas\u0131 an\u0131nda akdedilmi\u015f ve kar\u015f\u0131l\u0131kl\u0131 olarak y\u00fcr\u00fcrl\u00fc\u011fe girmi\u015ftir.<\/p>\n","protected":false},"excerpt":{"rendered":"<p>TARAFLAR A\u015fa\u011f\u0131da bilgileri yer alan Bo\u011fazi\u00e7i Konut Hizmet Y\u00f6netim \u0130\u015fletmecili\u011fi ve Tic. A.\u015e. (\u201cBo\u011fazi\u00e7i\u201d) ile Bo\u011fazi\u00e7i\u2019ye ait olan https:\/\/www.kemerburgazkentormani.ist\/e-magaza\/ alan adl\u0131 internet sitesinde sunulan hizmetlerden yararlanmak isteyen kullan\u0131c\u0131 (\u201c\u00dcye\u201d) aras\u0131nda a\u015fa\u011f\u0131da belirtilen h\u00fck\u00fcm ve \u015fartlarda \u00dcyelik S\u00f6zle\u015fmesi akdedilmi\u015ftir. Unvan&nbsp;&nbsp;&nbsp;&nbsp;&nbsp;&nbsp;&nbsp;&nbsp;&nbsp;&nbsp;&nbsp;&nbsp;&nbsp;&nbsp;&nbsp;&nbsp;&nbsp; &nbsp;&nbsp;&nbsp;&nbsp;&nbsp;&nbsp;&nbsp;&nbsp;&nbsp;&nbsp;&nbsp;&nbsp;&nbsp;&nbsp;&nbsp;&nbsp;&nbsp;&nbsp;&nbsp;&nbsp;&nbsp;&nbsp;&nbsp; : Bo\u011fazi\u00e7i Konut Hizmet Y\u00f6netim \u0130\u015fletmecili\u011fi ve Tic. A.\u015e. Adres<\/p>\n","protected":false},"author":1,"featured_media":0,"parent":0,"menu_order":0,"comment_status":"closed","ping_status":"closed","template":"","meta":[],"_links":{"self":[{"href":"https:\/\/www.kemerburgazkentormani.ist\/e-magaza\/wp-json\/wp\/v2\/pages\/1613"}],"collection":[{"href":"https:\/\/www.kemerburgazkentormani.ist\/e-magaza\/wp-json\/wp\/v2\/pages"}],"about":[{"href":"https:\/\/www.kemerburgazkentormani.ist\/e-magaza\/wp-json\/wp\/v2\/types\/page"}],"author":[{"embeddable":true,"href":"https:\/\/www.kemerburgazkentormani.ist\/e-magaza\/wp-json\/wp\/v2\/users\/1"}],"replies":[{"embeddable":true,"href":"https:\/\/www.kemerburgazkentormani.ist\/e-magaza\/wp-json\/wp\/v2\/comments?post=1613"}],"version-history":[{"count":1,"href":"https:\/\/www.kemerburgazkentormani.ist\/e-magaza\/wp-json\/wp\/v2\/pages\/1613\/revisions"}],"predecessor-version":[{"id":1614,"href":"https:\/\/www.kemerburgazkentormani.ist\/e-magaza\/wp-json\/wp\/v2\/pages\/1613\/revisions\/1614"}],"wp:attachment":[{"href":"https:\/\/www.kemerburgazkentormani.ist\/e-magaza\/wp-json\/wp\/v2\/media?parent=1613"}],"curies":[{"name":"wp","href":"https:\/\/api.w.org\/{rel}","templated":true}]}}